greatest common divisor of 114 and 53124.
114
What is the highest common divisor of 5053 and 163?
163
Calculate the highest common factor of 40 and 155.
5
Calculate the greatest common divisor of 318 and 15582.
318
Calculate the greatest common divisor of 5776 and 80.
16
What is the greatest common divisor of 336 and 432?
48
What is the highest common factor of 58 and 10498?
58
What is the highest common divisor of 1235 and 1045?
95
What is the highest common factor of 11 and 572?
11
What is the greatest common divisor of 7426 and 158?
158
What is the highest common divisor of 18 and 846?
18
Calculate the greatest common factor of 1380 and 4416.
276
Calculate the highest common divisor of 3503 and 339.
113
What is the greatest common factor of 84 and 273?
21
Calculate the highest common divisor of 228 and 48.
12
What is the highest common divisor of 34 and 45254?
34
Calculate the greatest common factor of 5589 and 69.
69
What is the greatest common divisor of 117 and 637?
13
What is the highest common factor of 3490 and 10?
10
What is the greatest common divisor of 8 and 82?
2
Calculate the highest common divisor of 11989 and 57.
19
Calculate the highest common divisor of 102 and 272.
34
What is the greatest common factor of 231 and 35?
7
What is the greatest common divisor of 2262 and 312?
78
What is the greatest common divisor of 319 and 145?
29
Calculate the highest common factor of 5880 and 357.
21
Calculate the greatest common factor of 37906 and 66.
22
What is the highest common factor of 34 and 782?
34
What is the greatest common divisor of 52 and 429?
13
What is the highest common divisor of 1989 and 81?
9
What is the greatest common factor of 384 and 416?
32
Calculate the highest common divisor of 1934 and 6.
2
What is the greatest common divisor of 175 and 2875?
25
What is the highest common divisor of 13 and 637?
13
Calculate the highest common factor of 364 and 77.
7
Calculate the highest common factor of 832 and 91.
13
What is the highest common factor of 2085 and 75?
15
What is the greatest common divisor of 126 and 77?
7
What is the greatest common divisor of 30 and 3110?
10
Calculate the highest common divisor of 182 and 2821.
91
Calculate the greatest common divisor of 84 and 4312.
28
What is the highest common factor of 800 and 8200?
200
What is the greatest common divisor of 1605 and 3?
3
What is the greatest common divisor of 20504 and 66?
22
Calculate the highest common divisor of 3262 and 28.
14
What is the greatest common factor of 640 and 40?
40
Calculate the greatest common factor of 1236 and 192.
12
Calculate the greatest common divisor of 14 and 22.
2
Calculate the highest common divisor of 58 and 29.
29
What is the highest common factor of 12626 and 1926?
214
Calculate the highest common factor of 55 and 1232.
11
What is the highest common factor of 535 and 107?
107
What is the highest common divisor of 5243 and 321?
107
Calculate the greatest common factor of 57 and 304.
19
What is the greatest common divisor of 134 and 8174?
134
What is the highest common factor of 2 and 179?
1
What is the greatest common divisor of 605 and 110?
55
Calculate the highest common divisor of 34678 and 14.
14
What is the highest common divisor of 144 and 64?
16
What is the highest common factor of 20 and 70?
10
What is the highest common factor of 1460 and 20?
20
Calculate the highest common factor of 132 and 3212.
44
Calculate the greatest common factor of 1102 and 58.
58
What is the greatest common divisor of 1017 and 12?
3
Calculate the highest common factor of 2349 and 243.
81
What is the greatest common divisor of 758 and 41311?
379
What is the greatest common factor of 21 and 19761?
21
What is the greatest common factor of 30 and 810?
30
What is the highest common factor of 22 and 44?
22
What is the greatest common factor of 549 and 793?
61
What is the greatest common divisor of 456 and 16?
8
What is the highest common factor of 30 and 75?
15
What is the greatest common factor of 6943 and 212?
53
What is the highest common divisor of 9849 and 147?
147
What is the greatest common factor of 52 and 388?
4
Calculate the greatest common divisor of 234 and 4797.
117
What is the greatest common divisor of 737 and 201?
67
Calculate the greatest common factor of 132 and 15807.
33
What is the highest common divisor of 11 and 913?
11
Calculate the greatest common divisor of 220 and 5830.
110
What is the greatest common divisor of 1107 and 2829?
123
Calculate the greatest common divisor of 50 and 2.
2
What is the highest common factor of 156 and 12?
12
What is the greatest common divisor of 34 and 8857?
17
What is the highest common factor of 31305 and 15?
15
What is the highest common factor of 165 and 99?
33
What is the greatest common factor of 742 and 530?
106
What is the highest common divisor of 180 and 150?
30
What is the greatest common factor of 16023 and 294?
147
Calculate the highest common factor of 714 and 1239.
21
Calculate the greatest common factor of 1331 and 11.
11
What is the highest common factor of 8 and 4260?
4
What is the highest common divisor of 24563 and 203?
203
What is the highest common factor of 14668 and 19?
19
Calculate the highest common factor of 6880 and 64.
32
Calculate the greatest common divisor of 258 and 18.
6
What is the greatest common factor of 672 and 1533?
21
What is the greatest common divisor of 502 and 7781?
251
Calculate the greatest common factor of 11165 and 609.
203
Calculate the highest common divisor of 2565 and 190.
95
What is the greatest common factor of 20 and 796?
4
Calculate the greatest common factor of 76470 and 30.
30
Calculate the greatest common divisor of 1508 and 232.
116
Calculate the highest common factor of 814 and 74.
74
Calculate the highest common divisor of 300 and 36.
12
What is the highest common factor of 2524 and 4?
4
Calculate the greatest common divisor of 15688 and 2968.
424
What is the highest common divisor of 147 and 1008?
21
What is the highest common divisor of 540 and 3132?
108
What is the highest common factor of 22 and 56199?
11
Calculate the greatest common divisor of 1682 and 406.
58
Calculate the greatest common divisor of 936 and 144.
72
Calculate the greatest common factor of 256 and 2.
2
What is the highest common divisor of 364 and 130?
26
Calculate the greatest common divisor of 16 and 1080.
8
What is the greatest common divisor of 30 and 10?
10
What is the highest common factor of 520 and 3510?
130
What is the highest common factor of 42 and 28?
14
Calculate the highest common factor of 6 and 372.
6
Calculate the highest common factor of 460 and 2540.
20
What is the highest common divisor of 5330 and 78?
26
What is the highest common divisor of 7441 and 7?
7
What is the highest common factor of 20 and 125?
5
What is the greatest common factor of 32 and 12?
4
What is the greatest common divisor of 140 and 30?
10
What is the highest common factor of 9 and 32517?
9
What is the greatest common divisor of 430 and 620?
10
What is the greatest common divisor of 14 and 518?
14
Calculate the highest common divisor of 405 and 783.
27
Calculate the highest common factor of 46 and 2.
2
Calculate the highest common divisor of 156 and 1176.
12
What is the highest common factor of 8802 and 108?
54
What is the highest common factor of 6 and 1002?
6
What is the highest common factor of 68 and 187?
17
Calculate the greatest common factor of 175 and 8400.
175
What is the greatest common factor of 286 and 77?
11
Calculate the greatest common divisor of 492 and 12.
12
Calculate the highest common divisor of 22 and 1342.
22
Calculate the greatest common divisor of 20 and 370.
10
What is the highest common divisor of 56 and 77?
7
What is the greatest common factor of 44 and 319?
11
Calculate the highest common divisor of 144 and 3696.
48
Calculate the greatest common factor of 120 and 1620.
60
What is the greatest common divisor of 286 and 11?
11
What is the greatest common divisor of 4044 and 24?
12
Calculate the greatest common divisor of 165 and 55.
55
What is the highest common divisor of 3950 and 474?
158
What is the greatest common factor of 56 and 3?
1
What is the highest common divisor of 416 and 78?
26
Calculate the highest common factor of 23 and 46.
23